{"id":563,"date":"2021-12-13T04:15:18","date_gmt":"2021-12-13T04:15:18","guid":{"rendered":"https:\/\/blockart-agency.sites.qsandbox.com\/?page_id=563"},"modified":"2022-12-13T08:25:58","modified_gmt":"2022-12-13T08:25:58","slug":"about","status":"publish","type":"page","link":"https:\/\/actavcar.si\/index.php\/about\/","title":{"rendered":"O podjetju"},"content":{"rendered":"<p><div class=\"fusion-fullwidth fullwidth-box fusion-builder-row-1 fusion-flex-container nonhundred-percent-fullwidth non-hundred-percent-height-scrolling\" style=\"background-color: #f5f5f5;background-position: right center;background-repeat: no-repeat;border-width: 0px 0px 0px 0px;border-color:var(--awb-color3);border-style:solid;\" ><div class=\"fusion-builder-row fusion-row fusion-flex-align-items-center fusion-flex-align-content-space-between fusion-flex-justify-content-space-around\" style=\"max-width:104%;margin-left: calc(-4% \/ 2 );margin-right: calc(-4% \/ 2 );\"><div class=\"fusion-layout-column fusion_builder_column fusion-builder-column-0 fusion_builder_column_2_3 2_3 fusion-flex-column\"><div class=\"fusion-column-wrapper fusion-flex-justify-content-flex-start fusion-content-layout-column\" style=\"background-position:left top;background-repeat:no-repeat;-webkit-background-size:cover;-moz-background-size:cover;-o-background-size:cover;background-size:cover;padding: 0px 0px 0px 0px;\"><div class=\"fusion-separator fusion-full-width-sep\" style=\"align-self: center;margin-left: auto;margin-right: auto;width:100%;\"><div class=\"fusion-separator-border sep-double\" style=\"border-color:var(--awb-color3);border-top-width:1px;border-bottom-width:1px;\"><\/div><\/div><style type=\"text\/css\">@media only screen and (max-width:1111px) {.fusion-title.fusion-title-1{margin-top:10px!important; margin-right:0px!important;margin-bottom:15px!important;margin-left:0px!important;}}@media only screen and (max-width:1490px) {.fusion-title.fusion-title-1{margin-top:10px!important; margin-right:0px!important;margin-bottom:10px!important; margin-left:0px!important;}}<\/style><div class=\"fusion-title title fusion-title-1 fusion-sep-none fusion-title-text fusion-title-size-one\" style=\"font-size:35px;margin-top:10px;margin-right:0px;margin-bottom:15px;margin-left:0px;\"><h1 class=\"title-heading-left\" style=\"font-family:&quot;Roboto&quot;;font-weight:500;margin:0;font-size:1em;text-transform:uppercase;\">O podjetju<\/h1><\/div><div class=\"fusion-separator\" style=\"align-self: flex-start;margin-right:auto;margin-top:-15px;margin-bottom:20px;width:100%;max-width:200px;\"><div class=\"fusion-separator-border sep-single sep-solid\" style=\"border-color:var(--awb-color4);border-top-width:5px;\"><\/div><\/div><div class=\"fusion-text fusion-text-1\" style=\"text-align:justify;font-size:17px;font-family:&quot;Roboto&quot;;font-weight:400;\"><p>Smo mlado majhno podjetje iz obrobja Dom\u017eal, ki na Slovenskem trgu deluje \u017ee vse od leta 2007. Nahajamo se na poti iz Trzina proti Dom\u017ealam, stavbo pa si delimo z znanim barom Jur\u010dek. Ukvarjamo se s prodajo rezervnih delov ter dodatno opremo za vsa motorna vozila. Vsak trenutek imamo na zalogi preko tiso\u010d artiklov, ki jih dobavljamo kon\u010dnim kupcem, avtoservisnim delavnicam ter ostalim podjetjem \u0161irom Slovenije. Zagotavljamo dobavo rezervnih delov za vozila vseh letnikov, modelov ter znamk. Odlikuje nas hitra dobava rezernih delov v maksimalno dveh dneh ter z lastno dostavo po dogovoru. Trenutno je v podjetju zaposlenih 8 ljudi, ki so strankam vedno pripravljeni prisko\u010diti na pomo\u010d. Ne verjamete? Preverite!<\/p>\n<\/div><\/div><style type=\"text\/css\">.fusion-body .fusion-builder-column-0{width:66.666666666667% !important;margin-top : 0px;margin-bottom : 0px;}.fusion-builder-column-0 > .fusion-column-wrapper {padding-top : 0px !important;padding-right : 0px !important;margin-right : 0%;padding-bottom : 0px !important;padding-left : 0px !important;margin-left : 3.456%;}@media only screen and (max-width:1111px) {.fusion-body .fusion-builder-column-0{width:66.666666666667% !important;order : 0;}.fusion-builder-column-0 > .fusion-column-wrapper {margin-right : 0%;margin-left : 3.456%;}}@media only screen and (max-width:1490px) {.fusion-body .fusion-builder-column-0{width:100% !important;order : 0;margin-bottom : 0px;}.fusion-builder-column-0 > .fusion-column-wrapper {padding-top : 0px !important;margin-right : 3.84%;padding-bottom : 0px !important;margin-left : 1.92%;}}<\/style><style type=\"text\/css\">.fusion-builder-column-0{filter: opacity(99%);transition: filter 0.3s ease;}.fusion-builder-column-0:hover{filter: opacity(100%);}<\/style><\/div><div class=\"fusion-layout-column fusion_builder_column fusion-builder-column-1 fusion_builder_column_1_3 1_3 fusion-flex-column fusion-flex-align-self-center ozadje\"><div class=\"fusion-column-wrapper fusion-flex-justify-content-center fusion-content-layout-row fusion-flex-align-items-center\" style=\"background-position:center center;background-repeat:no-repeat;-webkit-background-size:cover;-moz-background-size:cover;-o-background-size:cover;background-size:cover;padding: 0px 31px 0px 29px;\"><div ><span class=\" fusion-imageframe imageframe-none imageframe-1 hover-type-none ozadje\"><img decoding=\"async\" width=\"904\" height=\"800\" title=\"car-mechanic-opacity &#8211; Copy\" src=\"https:\/\/actavcar.si\/wp-content\/uploads\/2022\/12\/car-mechanic-opacity-Copy.png\" alt class=\"img-responsive wp-image-1267\" srcset=\"https:\/\/actavcar.si\/wp-content\/uploads\/2022\/12\/car-mechanic-opacity-Copy-200x177.png 200w, https:\/\/actavcar.si\/wp-content\/uploads\/2022\/12\/car-mechanic-opacity-Copy-400x354.png 400w, https:\/\/actavcar.si\/wp-content\/uploads\/2022\/12\/car-mechanic-opacity-Copy-600x531.png 600w, https:\/\/actavcar.si\/wp-content\/uploads\/2022\/12\/car-mechanic-opacity-Copy-800x708.png 800w, https:\/\/actavcar.si\/wp-content\/uploads\/2022\/12\/car-mechanic-opacity-Copy.png 904w\" sizes=\"(max-width: 1490px) 100vw, 600px\" \/><\/span><\/div><\/div><style type=\"text\/css\">.fusion-body .fusion-builder-column-1{width:33.333333333333% !important;margin-top : 0px;margin-bottom : 0px;}.fusion-builder-column-1 > .fusion-column-wrapper {padding-top : 0px !important;padding-right : 31px !important;margin-right : 12.096%;padding-bottom : 0px !important;padding-left : 29px !important;margin-left : 13.824%;}@media only screen and (max-width:1111px) {.fusion-body .fusion-builder-column-1{width:33.333333333333% !important;order : 0;}.fusion-builder-column-1 > .fusion-column-wrapper {margin-right : 12.096%;margin-left : 13.824%;}}@media only screen and (max-width:1490px) {.fusion-body .fusion-builder-column-1{width:100% !important;order : 0;}.fusion-builder-column-1 > .fusion-column-wrapper {margin-right : 1.92%;margin-left : 1.92%;}}<\/style><\/div><\/div><style type=\"text\/css\">.fusion-body .fusion-flex-container.fusion-builder-row-1{ padding-top : 0px;margin-top : 0px;padding-right : 157px;padding-bottom : 0px;margin-bottom : 0px;padding-left : 50px;}@media only screen and (max-width:1111px) {.fusion-body .fusion-flex-container.fusion-builder-row-1{ padding-right : 0px;}}@media only screen and (max-width:1490px) {.fusion-body .fusion-flex-container.fusion-builder-row-1{ padding-right : 40px;padding-left : 40px;}}<\/style><\/div><div class=\"fusion-fullwidth fullwidth-box fusion-builder-row-2 fusion-flex-container nonhundred-percent-fullwidth non-hundred-percent-height-scrolling\" style=\"background-color: var(--awb-custom_color_1);background-position: center center;background-repeat: no-repeat;border-width: 0px 0px 0px 0px;border-color:var(--awb-color3);border-style:solid;\" ><div class=\"fusion-builder-row fusion-row fusion-flex-align-items-flex-start\" style=\"max-width:104%;margin-left: calc(-4% \/ 2 );margin-right: calc(-4% \/ 2 );\"><div class=\"fusion-layout-column fusion_builder_column fusion-builder-column-2 fusion_builder_column_1_2 1_2 fusion-flex-column wallpaper\"><div class=\"fusion-column-wrapper fusion-flex-justify-content-flex-start fusion-content-layout-row\" style=\"background-position:left top;background-repeat:no-repeat;-webkit-background-size:cover;-moz-background-size:cover;-o-background-size:cover;background-size:cover;padding: 0px 0px 0px 0px;\"><div ><span class=\" fusion-imageframe imageframe-none imageframe-2 hover-type-none o-podjetju-slika\" style=\"max-width:600px;\"><img decoding=\"async\" width=\"1053\" height=\"507\" title=\"actavcar\" src=\"https:\/\/actavcar.si\/wp-content\/uploads\/2022\/12\/actavcar.jpg\" alt class=\"img-responsive wp-image-1181\" srcset=\"https:\/\/actavcar.si\/wp-content\/uploads\/2022\/12\/actavcar-200x96.jpg 200w, https:\/\/actavcar.si\/wp-content\/uploads\/2022\/12\/actavcar-400x193.jpg 400w, https:\/\/actavcar.si\/wp-content\/uploads\/2022\/12\/actavcar-600x289.jpg 600w, https:\/\/actavcar.si\/wp-content\/uploads\/2022\/12\/actavcar-800x385.jpg 800w, https:\/\/actavcar.si\/wp-content\/uploads\/2022\/12\/actavcar.jpg 1053w\" sizes=\"(max-width: 1490px) 100vw, 1053px\" \/><\/span><\/div><\/div><style type=\"text\/css\">.fusion-body .fusion-builder-column-2{width:50% !important;margin-top : 2px;margin-bottom : 0px;}.fusion-builder-column-2 > .fusion-column-wrapper {padding-top : 0px !important;padding-right : 0px !important;margin-right : 0%;padding-bottom : 0px !important;padding-left : 0px !important;margin-left : 0%;}@media only screen and (max-width:1111px) {.fusion-body .fusion-builder-column-2{width:50% !important;order : 0;}.fusion-builder-column-2 > .fusion-column-wrapper {margin-right : 0%;padding-left : 0px !important;margin-left : 8.064%;}}@media only screen and (max-width:1490px) {.fusion-body .fusion-builder-column-2{width:100% !important;order : 0;}.fusion-builder-column-2 > .fusion-column-wrapper {margin-right : 0.288%;padding-left : 0px !important;margin-left : 3.84%;}}<\/style><\/div><\/div><style type=\"text\/css\">.fusion-body .fusion-flex-container.fusion-builder-row-2{ padding-top : 0px;margin-top : 0px;padding-right : 50px;padding-bottom : 18px;margin-bottom : 0px;padding-left : 93px;}@media only screen and (max-width:1490px) {.fusion-body .fusion-flex-container.fusion-builder-row-2{ padding-left : 29px;}}<\/style><\/div><\/p>\n","protected":false},"excerpt":{"rendered":"","protected":false},"author":1,"featured_media":0,"parent":0,"menu_order":0,"comment_status":"closed","ping_status":"closed","template":"","meta":{"footnotes":""},"class_list":["post-563","page","type-page","status-publish","hentry"],"_links":{"self":[{"href":"https:\/\/actavcar.si\/index.php\/wp-json\/wp\/v2\/pages\/563","targetHints":{"allow":["GET"]}}],"collection":[{"href":"https:\/\/actavcar.si\/index.php\/wp-json\/wp\/v2\/pages"}],"about":[{"href":"https:\/\/actavcar.si\/index.php\/wp-json\/wp\/v2\/types\/page"}],"author":[{"embeddable":true,"href":"https:\/\/actavcar.si\/index.php\/wp-json\/wp\/v2\/users\/1"}],"replies":[{"embeddable":true,"href":"https:\/\/actavcar.si\/index.php\/wp-json\/wp\/v2\/comments?post=563"}],"version-history":[{"count":47,"href":"https:\/\/actavcar.si\/index.php\/wp-json\/wp\/v2\/pages\/563\/revisions"}],"predecessor-version":[{"id":1293,"href":"https:\/\/actavcar.si\/index.php\/wp-json\/wp\/v2\/pages\/563\/revisions\/1293"}],"wp:attachment":[{"href":"https:\/\/actavcar.si\/index.php\/wp-json\/wp\/v2\/media?parent=563"}],"curies":[{"name":"wp","href":"https:\/\/api.w.org\/{rel}","templated":true}]}}